{"id":95,"date":"2025-03-17T19:32:35","date_gmt":"2025-03-17T18:32:35","guid":{"rendered":"https:\/\/hotelmaconlasalle.fr\/?page_id=95"},"modified":"2025-04-09T23:47:07","modified_gmt":"2025-04-09T21:47:07","slug":"contact-acces","status":"publish","type":"page","link":"https:\/\/hotelmaconlasalle.fr\/index.php\/contact-acces\/","title":{"rendered":"Contact \/ Acc\u00e8s"},"content":{"rendered":"\n<h2 class=\"wp-block-heading alignwide has-text-align-center has-black-color has-text-color has-link-color wp-elements-29903216d5b3be248696f1300c1486a3\"><strong>BIENVENUE <\/strong><\/h2>\n\n\n\n<div class=\"wp-block-media-text is-stacked-on-mobile\"><figure class=\"wp-block-media-text__media\"><img loading=\"lazy\" decoding=\"async\" width=\"1024\" height=\"768\" src=\"https:\/\/hotelmaconlasalle.fr\/wp-content\/uploads\/2025\/04\/20250405_154751-1024x768.jpg\" alt=\"\" class=\"wp-image-403 size-full\" srcset=\"https:\/\/hotelmaconlasalle.fr\/wp-content\/uploads\/2025\/04\/20250405_154751-1024x768.jpg 1024w, https:\/\/hotelmaconlasalle.fr\/wp-content\/uploads\/2025\/04\/20250405_154751-300x225.jpg 300w, https:\/\/hotelmaconlasalle.fr\/wp-content\/uploads\/2025\/04\/20250405_154751-768x576.jpg 768w, https:\/\/hotelmaconlasalle.fr\/wp-content\/uploads\/2025\/04\/20250405_154751-1536x1152.jpg 1536w, https:\/\/hotelmaconlasalle.fr\/wp-content\/uploads\/2025\/04\/20250405_154751-2048x1536.jpg 2048w, https:\/\/hotelmaconlasalle.fr\/wp-content\/uploads\/2025\/04\/20250405_154751-416x312.jpg 416w\" sizes=\"auto, (max-width: 1024px) 100vw, 1024px\" \/><\/figure><div class=\"wp-block-media-text__content\">\n<p class=\"has-black-color has-text-color has-link-color has-large-font-size wp-elements-ba70b14e517de69f9eb38d310249eaea\">H\u00f4tel M\u00e2con la salle<\/p>\n\n\n\n<p class=\"has-black-color has-text-color has-link-color wp-elements-54c9ce049d85bf09b3857f25a88e1b2f\">Aire de M\u00e2con la salle (par l&rsquo;autoroute&#8230;)<\/p>\n\n\n\n<p class=\"has-black-color has-text-color has-link-color wp-elements-f3659cf9d4099247dcba0b6f27fe89e9\">Champ Tabot (par le village de Saint Albain&#8230;)<\/p>\n\n\n\n<p class=\"has-black-color has-text-color has-link-color wp-elements-d8ea39e2d5a552ac588aca593d9bf0a0\">71260 &#8211; SAINT ALBAIN<\/p>\n\n\n\n<p class=\"has-black-color has-text-color has-link-color wp-elements-6d7a9aca22d2503436214a8eb7671b6a\">T\u00e8l : 03 85 22 79 82<\/p>\n\n\n\n<p class=\"has-black-color has-text-color has-link-color wp-elements-ba563e88acec42b3b094b36fddb08de4\">hotelmaconlasalle@orange.fr<\/p>\n<\/div><\/div>\n\n\n\n<hr class=\"wp-block-separator has-alpha-channel-opacity is-style-dots\"\/>\n\n\n\n<figure class=\"wp-block-gallery has-nested-images columns-default is-cropped wp-block-gallery-1 is-layout-flex wp-block-gallery-is-layout-flex\">\n<figure class=\"wp-block-image size-large\"><img loading=\"lazy\" decoding=\"async\" width=\"445\" height=\"289\" data-id=\"405\" src=\"https:\/\/hotelmaconlasalle.fr\/wp-content\/uploads\/2025\/04\/Capture-2.jpg\" alt=\"\" class=\"wp-image-405\" srcset=\"https:\/\/hotelmaconlasalle.fr\/wp-content\/uploads\/2025\/04\/Capture-2.jpg 445w, https:\/\/hotelmaconlasalle.fr\/wp-content\/uploads\/2025\/04\/Capture-2-300x195.jpg 300w, https:\/\/hotelmaconlasalle.fr\/wp-content\/uploads\/2025\/04\/Capture-2-416x270.jpg 416w\" sizes=\"auto, (max-width: 445px) 100vw, 445px\" \/><\/figure>\n\n\n\n<figure class=\"wp-block-image size-large\"><img loading=\"lazy\" decoding=\"async\" width=\"1024\" height=\"759\" data-id=\"404\" src=\"https:\/\/hotelmaconlasalle.fr\/wp-content\/uploads\/2025\/04\/Capture-1024x759.jpg\" alt=\"\" class=\"wp-image-404\" srcset=\"https:\/\/hotelmaconlasalle.fr\/wp-content\/uploads\/2025\/04\/Capture-1024x759.jpg 1024w, https:\/\/hotelmaconlasalle.fr\/wp-content\/uploads\/2025\/04\/Capture-300x223.jpg 300w, https:\/\/hotelmaconlasalle.fr\/wp-content\/uploads\/2025\/04\/Capture-768x570.jpg 768w, https:\/\/hotelmaconlasalle.fr\/wp-content\/uploads\/2025\/04\/Capture-416x309.jpg 416w, https:\/\/hotelmaconlasalle.fr\/wp-content\/uploads\/2025\/04\/Capture.jpg 1053w\" sizes=\"auto, (max-width: 1024px) 100vw, 1024px\" \/><\/figure>\n<\/figure>\n\n\n\n<hr class=\"wp-block-separator has-alpha-channel-opacity is-style-dots\"\/>\n\n\n\n<p class=\"has-text-align-center has-black-color has-text-color has-link-color wp-elements-b8e31c374cfbb36dc8399c4d09d8257f\">Install\u00e9 en Bourgogne-Franche-Comt\u00e9, l&rsquo;H\u00f4tel M\u00e2con la Salle constitue une \u00e9tape id\u00e9ale si vous souhaitez d\u00e9couvrir la route des vins. Il comprend une connexion Wi-Fi gratuite dans l&rsquo;ensemble de ses locaux et se situe \u00e0 proximit\u00e9 de la sortie 27 de l&rsquo;autoroute A6.<\/p>\n\n\n\n<p class=\"has-text-align-center has-black-color has-text-color has-link-color wp-elements-8961667a9248a0472b4d819d4798a66f\">Toutes les chambres insonoris\u00e9es incluent une t\u00e9l\u00e9vision par c\u00e2ble \u00e0 \u00e9cran plat et une salle de bains privative.<\/p>\n\n\n\n<p class=\"has-text-align-center has-black-color has-text-color has-link-color wp-elements-ae011bcde918224580b535ada62ceeaa\">Chaque matin, vous pourrez d\u00e9guster un petit-d\u00e9jeuner buffet copieux dans la salle \u00e0 manger avant de poursuivre votre voyage.<\/p>\n\n\n\n<p class=\"has-text-align-center has-black-color has-text-color has-link-color wp-elements-a7751186c57197b7b976ee8b7631eb6d\">Sur place, vous profiterez d&rsquo;un parking moyennant des frais suppl\u00e9mentaires et sur r\u00e9servation.<\/p>\n\n\n\n<hr class=\"wp-block-separator has-alpha-channel-opacity is-style-dots\"\/>\n\n\n<div class=\"wp-block-image\">\n<figure class=\"aligncenter size-large\"><img loading=\"lazy\" decoding=\"async\" width=\"1024\" height=\"661\" src=\"https:\/\/hotelmaconlasalle.fr\/wp-content\/uploads\/2025\/04\/Capture-3-1024x661.jpg\" alt=\"\" class=\"wp-image-408\" srcset=\"https:\/\/hotelmaconlasalle.fr\/wp-content\/uploads\/2025\/04\/Capture-3-1024x661.jpg 1024w, https:\/\/hotelmaconlasalle.fr\/wp-content\/uploads\/2025\/04\/Capture-3-300x194.jpg 300w, https:\/\/hotelmaconlasalle.fr\/wp-content\/uploads\/2025\/04\/Capture-3-768x496.jpg 768w, https:\/\/hotelmaconlasalle.fr\/wp-content\/uploads\/2025\/04\/Capture-3-416x269.jpg 416w, https:\/\/hotelmaconlasalle.fr\/wp-content\/uploads\/2025\/04\/Capture-3.jpg 1129w\" sizes=\"auto, (max-width: 1024px) 100vw, 1024px\" \/><\/figure>\n<\/div>","protected":false},"excerpt":{"rendered":"<p>BIENVENUE H\u00f4tel M\u00e2con la salle Aire de M\u00e2con la salle (par l&rsquo;autoroute&#8230;) Champ Tabot (par le village de Saint Albain&#8230;) 71260 &#8211; SAINT ALBAIN T\u00e8l : 03 85 22 79 82 hotelmaconlasalle@orange.fr Install\u00e9 en Bourgogne-Franche-Comt\u00e9, l&rsquo;H\u00f4tel M\u00e2con la Salle constitue une \u00e9tape id\u00e9ale si vous souhaitez d\u00e9couvrir la route des vins. Il comprend une connexion [&hellip;]<\/p>\n","protected":false},"author":1,"featured_media":0,"parent":0,"menu_order":0,"comment_status":"closed","ping_status":"closed","template":"","meta":{"footnotes":""},"class_list":["post-95","page","type-page","status-publish","hentry"],"jetpack_sharing_enabled":true,"_links":{"self":[{"href":"https:\/\/hotelmaconlasalle.fr\/index.php\/wp-json\/wp\/v2\/pages\/95","targetHints":{"allow":["GET"]}}],"collection":[{"href":"https:\/\/hotelmaconlasalle.fr\/index.php\/wp-json\/wp\/v2\/pages"}],"about":[{"href":"https:\/\/hotelmaconlasalle.fr\/index.php\/wp-json\/wp\/v2\/types\/page"}],"author":[{"embeddable":true,"href":"https:\/\/hotelmaconlasalle.fr\/index.php\/wp-json\/wp\/v2\/users\/1"}],"replies":[{"embeddable":true,"href":"https:\/\/hotelmaconlasalle.fr\/index.php\/wp-json\/wp\/v2\/comments?post=95"}],"version-history":[{"count":4,"href":"https:\/\/hotelmaconlasalle.fr\/index.php\/wp-json\/wp\/v2\/pages\/95\/revisions"}],"predecessor-version":[{"id":410,"href":"https:\/\/hotelmaconlasalle.fr\/index.php\/wp-json\/wp\/v2\/pages\/95\/revisions\/410"}],"wp:attachment":[{"href":"https:\/\/hotelmaconlasalle.fr\/index.php\/wp-json\/wp\/v2\/media?parent=95"}],"curies":[{"name":"wp","href":"https:\/\/api.w.org\/{rel}","templated":true}]}}